 (-11 + -17 - -16) + -3 - -48?
33
(-6 - 11) + 8 + 5
-4
What is -113 + 112 - (-17 - 1 - -1)?
16
What is (34 - 2) + -18 + -11?
3
What is 8 - (1 + 8 + (-4 - -4))?
-1
Evaluate -10 + 4 + -4 + -4 + (-4 - 2).
-20
What is the value of -1 - (-1 + 1 - -4 - (7 + 3))?
5
What is the value of (-1 - (32 - 15 - 12)) + 24?
18
-2 + 1 + 0 - -5 - (4 - -1)
-1
What is the value of (-3 - 8) + (-19 - (2 - 13)) + 0?
-19
What is the value of 34 + -24 - (-9 + 9)?
10
What is 72 - (9 - -22) - 18?
23
Evaluate -3 + -26 - (-10 + -10 + 10).
-19
Evaluate (-30 - (3 - 2)) + (3 - 8) - -12.
-24
Calculate (-16 - 11 - 0) + 4.
-23
What is the value of -106 + 106 + (5 - 8)?
-3
31 + -22 - -14 - 14
9
Evaluate 0 - 8 - (18 - (2 + 26)).
2
Evaluate -1 + (8 - (18 + -5)) + 1 + 15.
10
-6 - ((5 - 29) + 2 + 8)
8
(-7 - (-3 + 1)) + (-136 - -150) - -16
25
-7 - (-24 + 32) - -21
6
What is (31 - 3) + 12 - 40?
0
What is 254 + -245 - (0 + 1 + (-2 - 3))?
13
Evaluate 21 + -54 - (39 - 42).
-30
Calculate -10 + (-14 - -2) + 57 + -20.
15
What is the value of 1 - ((-8 + -4 - 1) + 9)?
5
Calculate 10 + -8 + -1 + 3.
4
What is (-1 - 16) + 9 - (3 + -22 + -1)?
12
-3 + -5 + 5 + 5 + -4 + 0
-2
Evaluate 3 - (-28 + 5 + 4 + -10 + 9).
23
What is -8 + 20 - 6 - 9 - -12?
9
What is the value of -22 - ((7 - -3) + (15 - 25) - 5)?
-17
Calculate -9 + (3 + -6 - -9) - 10.
-13
What is the value of -20 - -22 - (3 + 0)?
-1
What is -10 - (10 + -10 + -1 + -4)?
-5
What is the value of (0 + 1 - -3 - 2) + 72 + -69?
5
What is the value of -1 + (-7 - -19 - 10) - -5?
6
(-14 + -1 - -10) + -7
-12
What is the value of -34 + -1 + 21 + (0 - 33) + 11?
-36
-20 - (-3 + -12 + 12 + 4 + 2)
-23
Evaluate 3 + (15 - 9) + -11.
-2
What is the value of 3 + (-6 - -3) + (-36 - -36)?
0
Evaluate 17 - (4 - 2) - (-2 - -2) - 3.
12
What is (24 - 10) + 2 + (-23 - 7)?
-14
What is the value of (1 + -6 + 1 - -12) + -10?
-2
Calculate -4 - (-5 + 21 + -8 + 2).
-14
1 + -3 + 23 - (454 + -439)
6
Evaluate (-37 - (27 + -28)) + 18.
-18
31 + 1 - (47 - 16)
1
Evaluate 11 - (7 - (24 - 15)).
13
Calculate (-1 - (16 - 12)) + -3.
-8
Calculate -2 + 34 + -31 + 24.
25
Evaluate -1 - -2 - (-2 + 14 + -10 - 3).
2
Evaluate (-2 + -1 - 7) + (9 - 10).
-11
Calculate -7 + (-22 - -29) - (2 + -5).
3
What is the value of (-8 + 1 + 7 - -6) + -4?
2
What is -23 + (0 - (18 + -20))?
-21
Evaluate 18 + -14 + (25 + -9 - 6) + -9.
5
(-40 - (-19 - -11)) + -5
-37
What is (13 - 5 - -8) + -12?
4
Evaluate (42 - 13) + -18 - 6.
5
What is the value of (3 - 0) + -10 + 6 + 1?
0
Evaluate -4 + (5 - 1) + -7 + -1 + 2.
-6
Calculate (-13 - (-6 - (-8 - (3 + -13)))) + 6.
1
What is -51 + 17 + 22 - 14?
-26
(20 - (2 + 10)) + 0 + 19 + 6
33
What is the value of -2 - (-10 + 10) - (-1 - 8) - 0?
7
What is -31 + 27 - (-3 + (1 - -8) + -1)?
-9
Calculate 14 + -7 + (0 - 1) + 3 + -3.
6
Calculate (9 - (-27 - -21)) + -3 + (9 - 1).
20
What is (4 - (-2 + 12)) + 12 - 8?
-2
23 + (12 - (26 + 28))
-19
Calculate -3 - 3 - 3 - (-553 - -523).
21
Evaluate 1 + 21 - (39 + -2).
-15
What is -2 - ((-32 - -14) + (1 - 5))?
20
What is 2 + -3 - (25 - 28)?
2
8 - (6 + (0 - -8) - 2)
-4
What is the value of 2 + (-43 - -51) + (-1 - -1)?
10
What is (-17 - (7 + -15) - -16) + 4?
11
Evaluate 2 + 2 + 14 - (24 + (-28 - -11)).
11
Evaluate 178 + -191 + 3 + (0 - (-6 - -3)).
-7
What is (7 - 7) + (-8 - -10) + 0?
2
What is the value of (382 - 400) + 0 + 5?
-13
18 + (-6 - 1 - (0 - 6))
17
(2 + -7 + 2 - 9) + 5
-7
Calculate (-12 - -47 - -5) + -23.
17
Evaluate 64 + -42 + (-11 - 16).
-5
Calculate -12 + -10 + 15 + (-8 - -4).
-11
Calculate -11 + (-55 - -52) + 1 + 7.
-6
Calculate -14 + 14 + -5 - 12.
-17
Evaluate 28 - ((8 - 2) + -52 + 51).
23
What is the value of 4 - (-5 + (2 - (-11 - -7 - 5)))?
-2
Evaluate -2 - -3 - (9 - (9 + -2)) - -2.
1
Evaluate (-1 + -9 + 9 - -8) + -14.
-7
What is the value of 18 + -11 + (1 - 1) + -21?
-14
(-1 + (-3 - (-4 - -1)) - -1) + -1
-1
What is the value of 26 + 20 + -16 - 20?
10
(58 + -38 - 31) + -19
-30
0 + (-14 - (5 + -13)) + 5
-1
Evaluate -3 + 2 + (-2 - 3).
-6
Calculate -6 - ((-11 + 10 - -2) + -27).
20
15 + (-1 - 0) - (10725 - 10683)
-28
What is 7 + -28 + -6 - -50?
23
What is -17 + (2 + 7 - 5) - (-1 + 1)?
-13
What is the value of 0 + -3 + 3 + (-7 + -1 - -8)?
0
What is the value of (-18 + 69 + -23 - 6) + (-11 - -1)?
12
What is (6 - 13) + (8 - -4)?
5
What is the value of -4 - (0 - -2) - (7 - 12) - 1?
-2
-21 - (1 - 2) - (1 + (23 - 27))
-17
3 - (33 + -4) - (0 + -9)
-17
(-1 - 13 - (-85 - -75) - 2) + 9
3
Evaluate 22 - 2 - (5 + -2) - (18 + -12).
11
Calculate 33 + (-3 - -19) + -35 + 13.
27
What is the value of (4 - -3 - 6) + 5 + (5 - 15)?
-4
Calculate -14 + (0 - (13 - (4 - 12) - 11)).
-24
Calculate 6 + (0 - ((-5 - 4) + 6 - -13)).
-4
What is the value of (24 - 4) + (4 - 4) + -11?
9
(1 - 1 - -3) + (-18 - -55 - 32)
8
(10 - 7) + -48 + 37 - 5
-13
Evaluate -43 + 3 + 71 + -45.
-14
What is (-3 - (7 + -10)) + 3 + -3?
0
-39 + 19 - (-28 - -11)
-3
What is the value of -7 - 8 - (-3 - (-2 + 5))?
-9
Calculate -7 + (-24 + 17 - (-1 - 17)).
4
What is 7 + (-7 - 14) - (7 - (2 + -4))?
-23
What is (-176 - -176) + 25 + 1?
26
What is 5 + -2 + 2 + (-10 - -15)?
10
Calculate (88 - 81) + (0 + (0 - -1) - 7).
1
Calculate (-8 - (1 - 14)) + 2.
7
Evaluate 2 + 0 + (-6 - -3) + 12 + -2.
9
Evaluate -5 + (-3 - (1 + -3)) - 8.
-14
Calculate -2 - (2 - 0 - (-132 - -148)).
12
4 - (-7 + (-10 - (-10 + -5)))
6
What is the value of (20 - 0) + (-4 - 6)?
10
What is the value of (2 - (3 - -23)) + (-359 - -350)?
-33
-83 + 98 - (1 - -8)
6
What is the value of (4 - (5 + -1)) + 7?
7
What is -14 - (-3 - (-1 - 0))?
-12
Evaluate (5 - (-44 + 46)) + (-31 - 1).
-29
What is the value of 3796 + -3793 + (0 - 1) + 22?
24
Calculate 15 + -12 + -10 + -1 + 10.
2
Calculate -4 - (-6 + 27 + -12 - (0 - -4)).
-9
-4 - -11 - 17 - (11 - 4)
-17
Calculate -4 + -1 + 19 + 6 + -9 + -24.
-13
What is the value of (0 - -13) + (-17 - -6 - -5) - -7?
14
Calculate 5 + 1 + -4 + 2 + 7.
11
What is the value of 11 + 1 - 0 - -1 - (348 + -338)?
3
-38 + (2 - 0) + (46 + -89 - -43)
-36
Evaluate -1 + -19 - -13 - (2 - (-2 + -1)).
-12
Evaluate -81 - -97 - (2 + 21).
-7
Calculate (-2 - -1 - (72 + -69)) + 11.
7
What is -3 + (-19 - -19) + -13?
-16
-3 - (14 - 2 - 13) - 8
-10
What is (12 - 29) + -15 + 55?
23
What is the value of (21 - 16) + -11 + 2?
-4
-69 + 53 - (0 - 15)
-1
What is the value of (-24 - (-54 - -27) - (1 - 5)) + -34?
-27
What is -11 - ((-5 - (-15 - -5 - -8)) + -9)?
1
Calculate (-48 - -44) + (9 - 2).
3
(4 - 3) + (-77 - -79)
3
What is 8 - (2 - 0 - (-17 + 13))?
2
Evaluate 92 + -70 - (-29 - -16).
35
-115 - -114 - (2 - -3)
-6
Evaluate 16 - (2 + 27 - 20).
7
What is -15 + -15 + 29 + -2?
-3
What is (32 - (-26 + 32)) + 12?
38
What is 4 + 14 + (14 - (-9 - -11))?
30
Evaluate 7 + 6 - (5 - -11).
-3
Evaluate -14 + (10 - 19 - (0 + 6) - -6).
-23
Evaluate -19 + 18 + -19 + 5.
-15
Evaluate 10 - ((46 - 48) + (2 - -14)).
-4
What is 0 - (6 + (11 - 7))?
-10
18 + -37 - -31 - -10
22
What is -14 + 15 - -11 - (0 - -30)?
-18
(-18 - -5 - (-15 - -5)) + -4 - 20
-27
What is the value of -5 - (-2 + (14 - 4))?
-13
-13 - (6 - 14) - (-8 + 17)
-14
What is (1 - 15) + (24 - (36 - 12))?
-14
(-3 - (9 + -25)) + -21
-8
What is the value of (22 - 24) + -16 - (2 - 1 - 8)?
-11
Calculate -11 - -9 - (-3 - (-2 + -6)).
-7
Calculate -1 + (-5 - (5 + -4) - -2) + -3.
-8
-1 + 15 - (-243 + 256) - (3 - 1)
-1
Calculate -38 + 44 + -18 + 1.
-11
Calculate (17 - -5 - 4) + -11 + (4 - -3).
14
Evaluate -6 + (-9 - -5) + 5 - (-7 + 3).
-1
Calculate 3 - -5 - -1 - (18 + -32 - -16).
7
Calculate 3 + 0 - -10 - (-6 - -4).
15
What is the value of (13 - (2 - -16)) + -8?
-13
Evaluate 2 + (-2 + 3 - 1 - -6).
8
Evaluate (-25 - -16 - -30) + -12.
9
What is the value of -3 - (-17 + 8 - -2) - 18?
-14
(-7 - -18) + -4 - (-3 - 7)
17
What is the value of 5 + (-15 - 11) + 13?
-8
Evaluate 11 - (26 + -34 + 13).
6
Evaluate (0 - (-1 + -7)) + 32 + -37.
3
What is -30 - 1 - (-993 - -961)?
1
Evaluate 3 + -2 + 5 + -26 + 9.
-11
What is the value of 20 - (15 + -13 - -10)?
8
(-1 - 16) + 24 + 29 + -44
-8
(-2 - -4 - 44) + -33 + 50
-25
What is the value of -2 + -7 - (-9 + 14 + -11 + 9)?
-12
What is the value of -8 + (-5 + 3 - 3) + 20?
7
What is the value of 6 + -3 - ((-5 - -6) + -13 - -40)?
-25
Calculate (4 - 1 - 4) + -108 + 103.
-6
Evaluate (4 - (4 + 8) - -5 - -5) + 6.
8
(1 - 1 - -10) + (-10 - 11 - -25)
14
1 + (-19 - -9) + -9 + 10
-8
Calculate 3 + (-4 - (7 